s p(-3)?
27
Let g(f) = 2*f**3 - 2*f**2 - 6*f + 11. What is g(3)?
29
Let a(b) = -14*b - 264. What is a(-18)?
-12
Let f(n) = 25*n**3 + 2*n**2 - n. Determine f(1).
26
Let h(w) = w**3 + 11*w**2 - 12*w + 5. Determine h(-12).
5
Let p(t) = -2*t**3 + 12*t**2 - t + 1. Give p(6).
-5
Let m(j) = -j**3 - 12*j**2 - 33*j + 5. What is m(-4)?
9
Let w(j) = -3*j + 39. What is w(0)?
39
Let u(m) = m**2 + 2*m + 4. Give u(0).
4
Let j(r) = r**3 + 7*r**2 - 6*r + 9. Calculate j(-8).
-7
Let n(q) = -60*q + 2. Give n(-1).
62
Let x(w) = 4*w**3 - w**2 + w + 4. Give x(-3).
-116
Let r(a) = a**2 + 2*a - 11. Give r(5).
24
Let m(s) = -s - 3. What is m(-8)?
5
Let h(z) = 5*z**2 + 2*z + 2. What is h(-2)?
18
Let g(i) = -14*i**2 - 112*i + 9. Give g(-8).
9
Let l(c) = c**2 - c + 5. What is l(-4)?
25
Let m(a) = 45*a - 137. Give m(3).
-2
Let x(t) = t**3 - 7*t**2 - 33*t + 5. Determine x(10).
-25
Let z(r) = r**2 + 7*r + 14. Calculate z(-4).
2
Let m(l) = l**3 - 3*l**2 + l + 3. Calculate m(3).
6
Let w(x) = -7*x - 56. Calculate w(-8).
0
Let o(n) = n**3 - n**2 + n - 54. Determine o(0).
-54
Let k(o) = -8*o + 5. Give k(2).
-11
Let i(u) = -2*u + 1. Determine i(-2).
5
Let a(u) = u**3 + 3*u**2 - 4*u + 1. Determine a(-4).
1
Let k(v) = -3*v**3 + 3*v**2 - 3*v - 4. Calculate k(3).
-67
Let k(c) = c**2 + 6*c - 13. Calculate k(-10).
27
Let h(s) = 9*s + 16. Calculate h(0).
16
Let d(t) = -t**2 + 7*t + 12. Give d(10).
-18
Let y(z) = z + 4. Give y(4).
8
Let h(t) = 8*t + 113. Give h(-14).
1
Let z(c) = -2*c**2 - 32*c + 41. Determine z(-17).
7
Let b(x) = -2*x**2 + 5. Give b(-4).
-27
Let w(d) = d**3 + 10*d**2 - 11*d - 6. Calculate w(-11).
-6
Let y(u) = -u**2 + 11*u + 17. Determine y(13).
-9
Let b(q) = -16*q**2. Calculate b(1).
-16
Let y(g) = 2*g - 78. Calculate y(28).
-22
Let t(n) = -2*n**2 - 2*n + 1. What is t(-2)?
-3
Let s(g) = -g**3 + 4*g**2 - 3*g - 6. What is s(2)?
-4
Let w(a) = -a**2 + 9*a - 14. Determine w(10).
-24
Let l(b) = -b**2 + 6*b + 231. What is l(18)?
15
Let l(n) = -n**2 + 33*n - 161. Give l(6).
1
Let n(h) = 3*h**2 + 6*h - 12. What is n(2)?
12
Let q(w) = 4*w + 3. Give q(-7).
-25
Let c(z) = 37*z**3 + 2*z**2 + 2*z + 1. What is c(-1)?
-36
Let l(h) = -h**2 + 8*h - 25. Determine l(6).
-13
Let d(c) = -c**2 + 25*c - 61. Calculate d(26).
-87
Let y(r) = -r**3 + 12*r**2 - 12*r + 6. Give y(11).
-5
Let s(w) = w**2 + 4*w + 5. Give s(-4).
5
Let k(z) = -2*z**2 - 4*z + 37. Determine k(0).
37
Let b(a) = -12*a - 6. What is b(-2)?
18
Let p(i) = -i**3 - 6*i**2 - 5*i + 16. Determine p(-6).
46
Let a(s) = -s**3 + 17*s**2 - 19*s + 31. Determine a(16).
-17
Let q(z) = z**2 - 12*z + 6. Determine q(9).
-21
Let r(g) = -g**3 + 12*g**2 + 12*g + 32. Determine r(13).
19
Let w(v) = -v**2 + 4*v + 3. Give w(-2).
-9
Let i(l) = -l**2 - 13*l + 18. Give i(-13).
18
Let t(z) = -6*z - 37. What is t(-3)?
-19
Let w(d) = -5*d + 13. Give w(-4).
33
Let v(c) = c**2 - 26*c - 127. What is v(30)?
-7
Let l(k) = k**3 + k + 18. Determine l(0).
18
Let h(d) = 4*d - 34. Calculate h(0).
-34
Let j(f) = -2*f**2 + 4*f - 4. What is j(2)?
-4
Let t(x) = 3*x + 80. Calculate t(-26).
2
Let d(z) = -z**2 + 13*z - 6. What is d(9)?
30
Let d(t) = t**3 - 11*t**2 + 16*t + 14. What is d(9)?
-4
Let y(j) = 4*j - 111. Determine y(28).
1
Let l(k) = -23*k**2 - 2. Calculate l(-2).
-94
Let u(r) = 8*r - 99. Give u(8).
-35
Let i(n) = -5*n**3 + n**2 + n - 3. Give i(3).
-126
Let t(h) = 4*h**3 - h**2. Calculate t(1).
3
Let c(v) = -12*v + 21. What is c(1)?
9
Let y(w) = -w**3 + w**2 - 3*w - 6. What is y(-3)?
39
Let a(h) = 4*h**2 - h + 3. What is a(2)?
17
Let s(d) = -d**3 + 2*d**2 - 4*d + 3. Calculate s(2).
-5
Let g(m) = -4*m**2 - 5*m + 1. Determine g(-2).
-5
Let c(l) = -l + 1. Determine c(-1).
2
Let s(o) = o**3 - 6*o**2 + 6*o - 32. Determine s(6).
4
Let o(n) = n**2 + 7*n - 5. What is o(4)?
39
Let y(u) = -5*u - 21. Determine y(-10).
29
Let v(z) = 8*z**3 + z**2 - 3*z - 2. Calculate v(-2).
-56
Let q(j) = -j**2 - 13*j + 7. Determine q(-13).
7
Let a(x) = 9*x + 80. Give a(5).
125
Let q(b) = b**2 - 7*b + 23. Determine q(4).
11
Let b(u) = -13*u - 11. Calculate b(-4).
41
Let d(b) = -b**2 - 6*b - 2. Give d(5).
-57
Let s(p) = -p**3 - 7*p**2 + 15*p + 56. Calculate s(-8).
0
Let m(r) = 15*r + 77. Calculate m(-5).
2
Let h(i) = -i**3 + i**2 - 17. Give h(0).
-17
Let x(z) = -z**2 - 30*z + 59. Calculate x(-35).
-116
Let o(u) = -u**3 - u**2 - u - 6. Determine o(0).
-6
Let b(x) = -15*x + 88. Calculate b(5).
13
Let f(n) = n**3 + 12*n**2 - 28*n + 6. Calculate f(-14).
6
Let y(r) = -r + 3. Calculate y(7).
-4
Let c(d) = d**3 - 10*d**2 + 17*d - 1. Give c(8).
7
Let r(d) = -d**2 - 6*d - 6. What is r(-2)?
2
Let x(f) = 10*f**2 - 25*f + 13. Calculate x(2).
3
Let t(g) = 8*g - 163. Determine t(0).
-163
Let u(a) = a**2 - 5*a + 1. Calculate u(1).
-3
Let u(m) = -3*m**2 + 53*m - 31. Give u(17).
3
Let h(w) = 16*w + 29. Give h(-4).
-35
Let y(j) = j**3 + 27*j**2 + 28*j + 36. Determine y(-26).
-16
Let c(k) = -k**3 + 13*k**2 - 9*k - 9. Calculate c(12).
27
Let b(x) = x**3 - x**2 + 2*x - 4. Determine b(3).
20
Let x(h) = -h**2 + 5*h - 21. What is x(6)?
-27
Let l(b) = -2*b**2 + 12*b + 86. Give l(10).
6
Let o(l) = -l**3 - 17*l**2 + 16*l - 20. What is o(-18)?
16
Let i(u) = 6*u - 1. Calculate i(-3).
-19
Let c(w) = 4*w**2 - 2*w + 7. What is c(-3)?
49
Let r(p) = -p - 1. Give r(-3).
2
Let d(u) = 14*u - 117. Determine d(9).
9
Let w(k) = -k**2 - k + 3. What is w(-4)?
-9
Let z(g) = -g**2 - 11*g + 10. Determine z(-6).
40
Let n(s) = s**3 + 6*s**2 - 8*s - 9. Determine n(-7).
-2
Let d(g) = 12*g - 1. Give d(2).
23
Let y(w) = -w**3 - 14*w**2 - 13*w + 8. What is y(-13)?
8
Let b(l) = 3*l + 11. Give b(-6).
-7
Let x(k) = -k**2 + 27*k - 90. Give x(23).
2
Let k(m) = -2*m**2 - 2*m + 2. Determine k(-2).
-2
Let m(j) = -j**3 - j**2 + j + 2. Calculate m(-2).
4
Let q(j) = -6*j**3 - 4*j**2 + 2*j + 6. What is q(-1)?
6
Let z(s) = 9*s + 104. Determine z(-12).
-4
Let g(u) = -24*u - 5. Give g(3).
-77
Let a(z) = z**3 - 11*z**2 + 7. Give a(11).
7
Let t(q) = 20*q**2 - q. What is t(1)?
19
Let g(p) = p**3 - 5*p**2 - 7*p + 32. Calculate g(5).
-3
Let v(w) = -w**3 + 4*w**2 - w - 1. Calculate v(5).
-31
Let m(r) = 20*r**3 - 3*r**2 - 3*r - 2. What is m(-1)?
-22
Let c(g) = -g**2 - 109*g + 1721. Calculate c(14).
-1
Let s(x) = -x**3 + 14*x**2 + 36*x - 82. Give s(16).
-18
Let r(i) = i**3 - 34*i**2 - i + 32. Determine r(34).
-2
Let k(r) = -r + 12. What is k(8)?
4
Let v(r) = -r**2 + 11*r + 8. Give v(11).
8
Let s(u) = -u**2 + 25*u - 147. What is s(10)?
3
Let i(x) = -18*x - 3. What is i(3)?
-57
Let f(v) = -4*v + 31. Determine f(17).
-37
Let y(b) = 26*b + 409. Give y(-16).
-7
Let a(c) = -10*c**2 - 2. What is a(-2)?
-42
Let c(a) = 3*a + 3. Give c(-4).
-9
Let w(k) = -k**2 + 7*k - 9. Determine w(7).
-9
Let c(u) = -u**2 + u - 14. Determine c(0).
-14
Let p(w) = 2*w**3 - w**2 - 4*w + 6. Determine p(4).
102
Let y(t) = t**3 + 4*t**2 - 5*t - 14. Give y(-4).
6
Let u(w) = -2*w**3 + 53*w**2 - 25*w - 28. Determine u(26).
-2
Let x(i) = i**2 + 5*i - 26. Calculate x(-7).
-12
Let m(f) = f**2 + 6*f - 8. Determine m(-7).
-1
Let l(i) = i**2 - 84*i - 729. Calculate l(-8).
7
Let j(m) = -m**2 - 3*m + 923. Determine j(29).
-5
Let x(m) = m**2 + 12*m - 26. Determine x(-13).
-13
Let j(s) = s**2 + 2*s - 16. Determine j(5).
19
Let m(s) = -s + 19. Calculate m(12).
7
Let f(t) = 2*t**2 - 29*t + 3. What is f(16)?
51
Let d(g) = g**2 - 15*g - 16. Determine d(11).
-60
Let h(k) = -9*k + 40. What is h(24)?
-176
Let k(t) = -30*t - 209. What is k(-8)?
31
Let f(h) = h**2 + 3*h - 3. Give f(-5).
7
Let l(i) = i**3 + 16*i**2 - 3. What is l(-16)?
-3
Let d(k) = -200*k + 400. Determine d(2).
0
Let q(s) = s**2 - 8*s + 5. Give q(6).
-7
Let s(g) = g**2 + 48*g + 257. Give s(-6).
5
Let k(h) = -h**3 - 33*h**2 + 73*h + 79. Determine k(-35).
-26
Let h(c) = 8*c + 177. Calculate h(-22).
1
Let r(g) = g**3 + 2*g**2 - 16*g - 2. Give r(-5).
3
Let i(b) = -b**3 + 6*b**2 - 4*b + 5. Give i(5).
10
Let o(f) = 7*f**3 - f. Calculate o(1).
6
Let d(l) = -2*l**2 - 18*l + 13. Calculate d(-9).
13
Let x(v) = v**3 + 7*v**2 + 9*v + 9. What is x(-6)?
-9
Let n(o) = 4*o + 3. Determine n(-6).
-21
Let q(y) = -y - 4. What is q(-10)?
6
Let r(y) = -y**3 - 25*y**2 - 23*y + 23. Determine r(-24).
-1
Let a(g) = g**2 + 22*g - 46. Give a(-24).
2
Let y(p) = p - 8. Give y(3).
-5
Let p(d) = -d**2 - 6. Determine p(5).
-31
Let i(d) = 2*d - 4. Give i(-3).
-10
Let c(i) = i**2 +